{"id":10,"date":"2020-01-18T14:05:00","date_gmt":"2020-01-18T14:05:00","guid":{"rendered":"http:\/\/medizinischegutachten.info\/?page_id=10"},"modified":"2025-02-17T10:55:51","modified_gmt":"2025-02-17T10:55:51","slug":"begutachtung-der-oberen-extremitaet","status":"publish","type":"page","link":"https:\/\/medizinischegutachten.info\/","title":{"rendered":"Begutachtung"},"content":{"rendered":"\n<p>Seit \u00fcber 25 Jahren erstelle ich medizinische Gutachten zu Ver\u00e4nderungen und Verletzungen der oberen Extremit\u00e4t.  Gutachten &#8211; besonders Begutachtungen zur Kausalit\u00e4t (&#8222;Zusammenhangsgutachten&#8220;) &#8211; setzen praktische chirurgische Erfahrung voraus.  Meine klinische T\u00e4tigkeit hat ihren Schwerpunkt im Bereich der Hand und des Ellenbogens.<\/p>\n\n\n\n<p>Gutachten im Bereich der oberen Extremit\u00e4t folgen den allgemeing\u00fcltigen Grunds\u00e4tzen der Begutachtung. Es gilt, den Funktionsverlust anschaulich und objektiv zu beschreiben. Vorgebrachte Beschwerden m\u00fcssen mit gefundenen Befunden in Einklang zu bringen sein, um in die Bewertung Eingang zu finden. <\/p>\n\n\n\n<p>Nervenkompressionssyndrome , Durchblutungsst\u00f6rungen der Hand und die Folgen einer Heilentgleisung (M.&nbsp;Sudeck, chronisch regionales Schmerzsyndrom, CRPS) bed\u00fcrfen oft einer fach\u00fcbergreifenden Beurteilung. <\/p>\n\n\n\n<p>Dies gilt besonders f\u00fcr Anpassungsst\u00f6rungen nach schwerer Handverletzung mit Verlust der k\u00f6rperlichen Integrit\u00e4t, die h\u00e4ufig auf psychiatrischem Fachgebiet zus\u00e4tzlich beurteilt werden m\u00fcssen.<\/p>\n\n\n\n<p><\/p>\n\n\n\n<p class=\"has-medium-font-size\">Beachten Sie bitte, dass wir seit dem 1.1.2025 eine neue <strong>Post- und Paketanschrift<\/strong> haben:<\/p>\n\n\n\n<p class=\"has-medium-font-size\"><strong>Gutachteninstitut Dr. Witthaut<\/strong>, <strong><em>Hohenstaufenring 62, 50674 K\u00f6ln<\/em><\/strong><\/p>\n\n\n\n<p><\/p>\n\n\n\n<p><\/p>\n","protected":false},"excerpt":{"rendered":"<p>Seit \u00fcber 25 Jahren erstelle ich medizinische Gutachten zu Ver\u00e4nderungen und Verletzungen der oberen Extremit\u00e4t. Gutachten &#8211; besonders Begutachtungen zur Kausalit\u00e4t (&#8222;Zusammenhangsgutachten&#8220;) &#8211; setzen praktische chirurgische Erfahrung voraus. Meine klinische T\u00e4tigkeit hat ihren Schwerpunkt im Bereich der Hand und des Ellenbogens. Gutachten im Bereich der oberen Extremit\u00e4t folgen den allgemeing\u00fcltigen Grunds\u00e4tzen der Begutachtung. Es gilt,&hellip;<\/p>\n","protected":false},"author":1,"featured_media":0,"parent":0,"menu_order":0,"comment_status":"closed","ping_status":"closed","template":"","meta":{"footnotes":""},"class_list":["post-10","page","type-page","status-publish","hentry"],"_links":{"self":[{"href":"https:\/\/medizinischegutachten.info\/index.php?rest_route=\/wp\/v2\/pages\/10","targetHints":{"allow":["GET"]}}],"collection":[{"href":"https:\/\/medizinischegutachten.info\/index.php?rest_route=\/wp\/v2\/pages"}],"about":[{"href":"https:\/\/medizinischegutachten.info\/index.php?rest_route=\/wp\/v2\/types\/page"}],"author":[{"embeddable":true,"href":"https:\/\/medizinischegutachten.info\/index.php?rest_route=\/wp\/v2\/users\/1"}],"replies":[{"embeddable":true,"href":"https:\/\/medizinischegutachten.info\/index.php?rest_route=%2Fwp%2Fv2%2Fcomments&post=10"}],"version-history":[{"count":8,"href":"https:\/\/medizinischegutachten.info\/index.php?rest_route=\/wp\/v2\/pages\/10\/revisions"}],"predecessor-version":[{"id":104,"href":"https:\/\/medizinischegutachten.info\/index.php?rest_route=\/wp\/v2\/pages\/10\/revisions\/104"}],"wp:attachment":[{"href":"https:\/\/medizinischegutachten.info\/index.php?rest_route=%2Fwp%2Fv2%2Fmedia&parent=10"}],"curies":[{"name":"wp","href":"https:\/\/api.w.org\/{rel}","templated":true}]}}